atest common factor of 1572312 and 392?
392
What is the greatest common divisor of 744 and 10726?
62
What is the highest common factor of 7503 and 915?
183
Calculate the highest common divisor of 26 and 4945.
1
What is the highest common divisor of 1560 and 17340?
60
Calculate the highest common factor of 126 and 18450.
18
Calculate the greatest common divisor of 405 and 11097.
81
Calculate the highest common divisor of 586 and 2668937.
293
Calculate the highest common divisor of 433050 and 450.
150
What is the greatest common divisor of 99112 and 1664?
104
What is the highest common divisor of 915216 and 144?
48
What is the greatest common divisor of 60011 and 14?
7
What is the highest common factor of 205616 and 12496?
1136
What is the highest common factor of 10 and 187955?
5
Calculate the highest common factor of 1321 and 13.
1
What is the greatest common divisor of 6510 and 11970?
210
What is the greatest common divisor of 7473408 and 222?
222
What is the greatest common factor of 53750 and 16250?
1250
What is the greatest common divisor of 11132 and 108284?
1012
Calculate the highest common factor of 227 and 4210623.
227
What is the greatest common factor of 144 and 3392208?
144
Calculate the highest common divisor of 687 and 65.
1
Calculate the highest common factor of 24 and 118328.
8
Calculate the greatest common divisor of 984 and 1992.
24
Calculate the greatest common factor of 402606 and 36.
18
Calculate the highest common factor of 74865 and 1023.
93
What is the greatest common factor of 172866 and 846?
282
Calculate the greatest common factor of 476 and 6398.
14
What is the greatest common factor of 426101 and 65?
13
Calculate the highest common divisor of 168508 and 1236.
412
Calculate the greatest common divisor of 389932 and 284.
284
What is the highest common divisor of 51135 and 13755?
105
What is the highest common factor of 17271 and 76356?
909
What is the highest common factor of 63 and 45891?
9
Calculate the highest common divisor of 58015 and 1845.
205
Calculate the greatest common divisor of 11362 and 18278.
494
Calculate the greatest common factor of 6069 and 2016.
21
Calculate the highest common factor of 542 and 3523.
271
Calculate the greatest common factor of 267285 and 5.
5
What is the greatest common factor of 42676 and 13160?
188
What is the greatest common divisor of 2310520 and 80?
40
What is the greatest common divisor of 6726 and 236?
118
What is the greatest common factor of 998 and 27?
1
Calculate the greatest common factor of 3029 and 18640.
233
What is the highest common divisor of 3538 and 18386?
58
Calculate the greatest common factor of 42 and 177345.
21
Calculate the greatest common factor of 179325 and 18.
9
What is the greatest common divisor of 456500 and 200?
100
What is the greatest common factor of 1073 and 5249?
29
What is the highest common divisor of 2285820 and 120?
60
Calculate the greatest common divisor of 53112 and 48.
24
What is the greatest common factor of 417633 and 1095?
219
Calculate the highest common factor of 98986 and 129.
43
What is the greatest common divisor of 44 and 17292?
44
What is the highest common divisor of 6909 and 588?
147
What is the greatest common divisor of 608 and 1748?
76
Calculate the greatest common factor of 19470 and 654900.
1770
Calculate the greatest common divisor of 2288 and 11766040.
1144
What is the highest common factor of 16 and 109208?
8
Calculate the greatest common divisor of 1059559 and 119.
17
What is the highest common divisor of 4061 and 2227?
131
Calculate the greatest common factor of 1012 and 13578004.
1012
What is the greatest common factor of 2865 and 1740?
15
Calculate the highest common factor of 23 and 79.
1
What is the highest common factor of 12 and 106884?
12
Calculate the highest common divisor of 540 and 1740.
60
What is the greatest common divisor of 372200 and 310?
10
What is the highest common factor of 41 and 107297?
41
Calculate the highest common factor of 105 and 130872.
21
What is the greatest common factor of 114 and 189978?
6
Calculate the greatest common divisor of 7110 and 22770.
90
What is the highest common divisor of 1610786 and 916?
458
What is the highest common factor of 12782 and 506?
22
What is the greatest common divisor of 122472 and 1080?
216
Calculate the greatest common divisor of 13630 and 2030.
290
What is the highest common divisor of 2529 and 40419?
9
Calculate the greatest common factor of 36938 and 2530.
506
What is the greatest common divisor of 2464 and 7700?
308
What is the greatest common factor of 10903596 and 34?
34
Calculate the greatest common factor of 11198 and 3256.
22
What is the greatest common divisor of 224865 and 38?
19
Calculate the highest common divisor of 58 and 2058101.
29
What is the highest common divisor of 476 and 3451?
119
Calculate the greatest common factor of 1680 and 77560.
280
Calculate the highest common divisor of 17182 and 38198.
142
Calculate the highest common factor of 297701 and 53.
53
What is the greatest common divisor of 15648 and 17448?
24
Calculate the greatest common divisor of 248 and 33821.
31
Calculate the greatest common factor of 231 and 281211.
21
Calculate the highest common divisor of 31 and 89559.
31
Calculate the highest common divisor of 1174413 and 116.
29
What is the highest common factor of 8820 and 15925?
245
Calculate the greatest common factor of 853678 and 281.
281
What is the greatest common divisor of 14331 and 17984?
281
Calculate the highest common divisor of 220000 and 24.
8
Calculate the greatest common divisor of 592 and 231694.
74
Calculate the greatest common factor of 278 and 1860098.
278
Calculate the highest common divisor of 285563 and 688.
43
What is the highest common divisor of 184 and 36685?
23
Calculate the greatest common divisor of 100401 and 1176.
147
Calculate the greatest common divisor of 2514327 and 57.
57
Calculate the highest common factor of 1224 and 3614472.
1224
What is the greatest common divisor of 10032 and 2174208?
912
What is the highest common factor of 6150 and 11726?
82
Calculate the greatest common divisor of 13984 and 306912.
736
What is the highest common divisor of 1754466 and 14?
14
Calculate the highest common factor of 145 and 5527690.
145
What is the greatest common divisor of 298 and 11771?
149
What is the greatest common factor of 3816 and 1696?
424
Calculate the highest common factor of 12934 and 4234.
58
Calculate the highest common divisor of 1807 and 663.
13
Calculate the highest common divisor of 140 and 314.
2
Calculate the greatest common divisor of 125 and 21625.
125
Calculate the greatest common divisor of 2400 and 13152.
96
Calculate the highest common divisor of 737674 and 42.
14
What is the greatest common divisor of 8110 and 50?
10
Calculate the greatest common divisor of 23313 and 11267.
19
Calculate the greatest common factor of 3688 and 211138.
922
What is the highest common factor of 21 and 5513067?
21
What is the highest common factor of 512 and 57864?
8
Calculate the highest common divisor of 35003 and 34.
17
What is the greatest common divisor of 6692121 and 9?
9
Calculate the highest common factor of 91 and 20891.
13
Calculate the highest common divisor of 1005 and 1340.
335
Calculate the highest common divisor of 270 and 19490.
10
What is the highest common factor of 1170 and 3250?
130
Calculate the greatest common divisor of 473 and 177805.
43
What is the highest common factor of 384 and 249?
3
What is the greatest common factor of 130 and 581776?
26
Calculate the highest common factor of 215530 and 80.
10
What is the highest common divisor of 2499 and 3808?
119
Calculate the highest common divisor of 18 and 11882520.
18
Calculate the greatest common divisor of 339474 and 1131.
87
What is the highest common factor of 4364 and 92?
4
What is the greatest common divisor of 88 and 106238?
22
Calculate the greatest common divisor of 4968 and 8832.
552
What is the highest common factor of 130 and 16250?
130
Calculate the highest common factor of 209 and 78749.
11
What is the greatest common divisor of 44 and 46372?
4
What is the highest common divisor of 4223671 and 97?
97
Calculate the highest common factor of 231 and 57651.
33
Calculate the highest common divisor 